{"id":118,"date":"2021-02-15T20:51:27","date_gmt":"2021-02-15T20:51:27","guid":{"rendered":"http:\/\/www.novyzeland.info\/?page_id=118"},"modified":"2021-02-21T14:17:13","modified_gmt":"2021-02-21T14:17:13","slug":"ma-dobrodruzstvi","status":"publish","type":"page","link":"https:\/\/www.novyzeland.info\/index.php\/ma-dobrodruzstvi\/","title":{"rendered":"M\u00e1 dobrodru\u017estv\u00ed"},"content":{"rendered":"\n<p>Zde najdete \u010dl\u00e1nky o m\u00fdch dobrodru\u017estv\u00ed na Nov\u00e9m Z\u00e9landu v 80 a 90 let.<\/p>\n","protected":false},"excerpt":{"rendered":"<p>Zde najdete \u010dl\u00e1nky o m\u00fdch dobrodru\u017estv\u00ed na Nov\u00e9m Z\u00e9landu v 80 a 90 let.<\/p>\n","protected":false},"author":1,"featured_media":0,"parent":0,"menu_order":0,"comment_status":"closed","ping_status":"closed","template":"","meta":{"footnotes":""},"_links":{"self":[{"href":"https:\/\/www.novyzeland.info\/index.php\/wp-json\/wp\/v2\/pages\/118"}],"collection":[{"href":"https:\/\/www.novyzeland.info\/index.php\/wp-json\/wp\/v2\/pages"}],"about":[{"href":"https:\/\/www.novyzeland.info\/index.php\/wp-json\/wp\/v2\/types\/page"}],"author":[{"embeddable":true,"href":"https:\/\/www.novyzeland.info\/index.php\/wp-json\/wp\/v2\/users\/1"}],"replies":[{"embeddable":true,"href":"https:\/\/www.novyzeland.info\/index.php\/wp-json\/wp\/v2\/comments?post=118"}],"version-history":[{"count":5,"href":"https:\/\/www.novyzeland.info\/index.php\/wp-json\/wp\/v2\/pages\/118\/revisions"}],"predecessor-version":[{"id":280,"href":"https:\/\/www.novyzeland.info\/index.php\/wp-json\/wp\/v2\/pages\/118\/revisions\/280"}],"wp:attachment":[{"href":"https:\/\/www.novyzeland.info\/index.php\/wp-json\/wp\/v2\/media?parent=118"}],"curies":[{"name":"wp","href":"https:\/\/api.w.org\/{rel}","templated":true}]}}