{"id":219,"date":"2021-02-21T11:26:48","date_gmt":"2021-02-21T11:26:48","guid":{"rendered":"http:\/\/www.novyzeland.info\/?page_id=219"},"modified":"2021-03-11T17:57:52","modified_gmt":"2021-03-11T16:57:52","slug":"kajakovani","status":"publish","type":"page","link":"https:\/\/www.novyzeland.info\/index.php\/kajakovani\/","title":{"rendered":"Kajakov\u00e1n\u00ed"},"content":{"rendered":"\n<p>Na severu zem\u011b je centrem vodn\u00edch sport\u016f Bay of Islands Je to p\u016fvabn\u00fd z\u00e1liv&nbsp; s \u010dlenit\u00fdm pob\u0159e\u017e\u00edm a se spoustou ostr\u016fvk\u016f, kde se bizarn\u00ed skaliska st\u0159\u00eddaj\u00ed s kr\u00e1sn\u00fdmi pl\u00e1\u017eemi. Teplota mo\u0159e je v l\u00e9t\u011b kolem 22 stup\u0148\u016f. Je tu i zaj\u00edmav\u00e1 vegetace \u2013 plant\u00e1\u017ee citrus\u016f a aktin\u00eddie ( u n\u00e1s je toto ovoce zn\u00e1m\u00e9 pod anglick\u00fdm jm\u00e9nem kiwi), v zahr\u00e1dk\u00e1ch je vid\u011bt i ban\u00e1novn\u00edky. Na\u0161\u00edm pr\u016fvodcem byl Andrew. Kajakov\u00e1n\u00ed s turisty m\u00e1 jako vedlej\u0161\u00ed zam\u011bstn\u00e1n\u00ed. Na jeho farm\u011b jsme na dod\u00e1vku nalo\u017eili 3 kajaky a vyrazili do z\u00e1livu Karikeri inlet. Mo\u0159e bylo klidn\u00e9, po\u010das\u00ed polojasn\u00e9, podm\u00ednky ide\u00e1ln\u00ed.Obl\u00e9kli jsme si z\u00e1chrann\u00e9 vesty, nasadili br\u00fdle a \u010depici se \u0161t\u00edtkem, nalo\u017eili do uzav\u0159en\u00e9ho d\u00edlu kajaku oble\u010den\u00ed, j\u00eddlo, fotoapar\u00e1ty a vyrazili. Andrew n\u00e1m vysv\u011btlil, jak nasednout do kajaku, jak veslovat a co d\u011blat, kdybychom se n\u00e1hodou p\u0159evr\u00e1tili. Mohlo by se to st\u00e1t snad jen p\u0159i velk\u00e9 sm\u016fle v p\u0159\u00edboji u b\u0159ehu. Veslov\u00e1n\u00ed jsme brzy zvl\u00e1dli a p\u0159esv\u011bd\u010dili se, \u017ee kajak novoz\u00e9landsk\u00e9 v\u00fdroby skute\u010dn\u011b nen\u00ed vratk\u00fd. Brzy jsme se odv\u00e1\u017eili i mezi pob\u0159e\u017en\u00ed skaliska, kde p\u0159\u00edboj kajak rozhoupal. Doveslovali jsme k ostrovu Moturoa, odkud byl n\u00e1dhern\u00fd v\u00fdlet na mo\u0159e se spoustou nejr\u016fzn\u011bj\u0161\u00edch plavidel. Po proch\u00e1zce po ostrov\u011b jsme se vykoupali a ud\u011blali si piknik. Dozv\u011bd\u011bli jsme se, \u017ee ostrov pat\u0159\u00ed soukrom\u00fdm osob\u00e1m, kter\u00e9 zde maj\u00ed farmy. Je voln\u011b p\u0159\u00edstupn\u00fd, ale t\u00e1bo\u0159it se zde nesm\u00ed. Kdy\u017e jsme si odpo\u010dinuli, pokra\u010dovali jsme v cest\u011b kolem ostrova nazp\u00e1tek.<\/p>\n","protected":false},"excerpt":{"rendered":"<p>Na severu zem\u011b je centrem vodn\u00edch sport\u016f Bay of Islands Je to p\u016fvabn\u00fd z\u00e1liv&nbsp; s \u010dlenit\u00fdm pob\u0159e\u017e\u00edm a se spoustou ostr\u016fvk\u016f, kde se bizarn\u00ed skaliska st\u0159\u00eddaj\u00ed s kr\u00e1sn\u00fdmi pl\u00e1\u017eemi. Teplota mo\u0159e je v l\u00e9t\u011b kolem 22 stup\u0148\u016f. Je tu i zaj\u00edmav\u00e1 vegetace \u2013 plant\u00e1\u017ee citrus\u016f a aktin\u00eddie ( u n\u00e1s je toto ovoce zn\u00e1m\u00e9 pod &hellip; <\/p>\n<p class=\"link-more\"><a href=\"https:\/\/www.novyzeland.info\/index.php\/kajakovani\/\" class=\"more-link\">Pokra\u010dovat ve \u010dten\u00ed<span class=\"screen-reader-text\"> &#8220;Kajakov\u00e1n\u00ed&#8221;<\/span><\/a><\/p>\n","protected":false},"author":1,"featured_media":0,"parent":0,"menu_order":0,"comment_status":"closed","ping_status":"closed","template":"","meta":{"footnotes":""},"_links":{"self":[{"href":"https:\/\/www.novyzeland.info\/index.php\/wp-json\/wp\/v2\/pages\/219"}],"collection":[{"href":"https:\/\/www.novyzeland.info\/index.php\/wp-json\/wp\/v2\/pages"}],"about":[{"href":"https:\/\/www.novyzeland.info\/index.php\/wp-json\/wp\/v2\/types\/page"}],"author":[{"embeddable":true,"href":"https:\/\/www.novyzeland.info\/index.php\/wp-json\/wp\/v2\/users\/1"}],"replies":[{"embeddable":true,"href":"https:\/\/www.novyzeland.info\/index.php\/wp-json\/wp\/v2\/comments?post=219"}],"version-history":[{"count":3,"href":"https:\/\/www.novyzeland.info\/index.php\/wp-json\/wp\/v2\/pages\/219\/revisions"}],"predecessor-version":[{"id":514,"href":"https:\/\/www.novyzeland.info\/index.php\/wp-json\/wp\/v2\/pages\/219\/revisions\/514"}],"wp:attachment":[{"href":"https:\/\/www.novyzeland.info\/index.php\/wp-json\/wp\/v2\/media?parent=219"}],"curies":[{"name":"wp","href":"https:\/\/api.w.org\/{rel}","templated":true}]}}