{"id":273,"date":"2021-02-21T14:15:13","date_gmt":"2021-02-21T14:15:13","guid":{"rendered":"http:\/\/www.novyzeland.info\/?page_id=273"},"modified":"2021-02-21T14:15:13","modified_gmt":"2021-02-21T14:15:13","slug":"cesta-na-ledovec","status":"publish","type":"page","link":"https:\/\/www.novyzeland.info\/index.php\/cesta-na-ledovec\/","title":{"rendered":"Cesta na ledovec"},"content":{"rendered":"\n<p>Z osady\u00a0<strong>Franz Josef<\/strong>\u00a0na z\u00e1padn\u00edm pob\u0159e\u017e\u00ed Ji\u017en\u00edho ostrova se ke stejnojmenn\u00e9mu ledovci jde nebo jede nejd\u0159\u00edve asi 4 kilometry po silnici de\u0161tn\u00fdm lesem. Po cest\u011b je p\u011bkn\u00e1 vyhl\u00eddka z nevelik\u00e9ho kope\u010dku, kter\u00fd odolal ledovci, kter\u00fd se tudy valil je\u0161t\u011b kdysi na p\u0159elomu 19. a 20. stolet\u00ed. Od parkovi\u0161t\u011b cesta pokra\u010duje \u0159e\u010di\u0161t\u011bm \u0159eky Waiho d\u00e1le ledovcov\u00fdm \u00fadol\u00edm. Na strm\u00fdch skal\u00e1ch je n\u011bkolik vodop\u00e1d\u016f. Podle zm\u011bn vegetace na boc\u00edch \u00fadol\u00ed je vid\u011bt, kam ledovec kdysi dosahoval, ne\u017e ustoupil v posledn\u00edch stolet\u00edch. Informuj\u00ed o tom i tabulky u cesty. Voda v \u0159ece m\u00e1 kaln\u011b ml\u00e9\u010dnou barvu. Je to od kamenn\u00e9 mouky, kter\u00e1 vznik\u00e1 t\u0159en\u00edm ledu o sk\u00e1lu. Ob\u010das jsou v \u0159ece i kousky ledu.<\/p>\n\n\n\n<div class=\"wp-block-columns is-layout-flex wp-container-core-columns-layout-2 wp-block-columns-is-layout-flex\">\n<div class=\"wp-block-column is-layout-flow wp-block-column-is-layout-flow\" style=\"flex-basis:100%\">\n<div class=\"wp-block-columns is-layout-flex wp-container-core-columns-layout-1 wp-block-columns-is-layout-flex\">\n<div class=\"wp-block-column is-layout-flow wp-block-column-is-layout-flow\" style=\"flex-basis:100%\">\n<div class=\"wp-block-image\"><figure class=\"alignright size-large is-resized\"><img loading=\"lazy\" decoding=\"async\" src=\"https:\/\/www.novyzeland.info\/wp-content\/uploads\/2021\/02\/00541-Franz-Josef.jpg\" alt=\"\" class=\"wp-image-275\" width=\"365\" height=\"231\" srcset=\"https:\/\/www.novyzeland.info\/wp-content\/uploads\/2021\/02\/00541-Franz-Josef.jpg 800w, https:\/\/www.novyzeland.info\/wp-content\/uploads\/2021\/02\/00541-Franz-Josef-300x190.jpg 300w, https:\/\/www.novyzeland.info\/wp-content\/uploads\/2021\/02\/00541-Franz-Josef-768x487.jpg 768w\" sizes=\"(max-width: 365px) 100vw, 365px\" \/><figcaption>Franz Josef po\u0161ta<\/figcaption><\/figure><\/div>\n\n\n\n<figure class=\"wp-block-image size-large is-resized\"><img loading=\"lazy\" decoding=\"async\" src=\"https:\/\/www.novyzeland.info\/wp-content\/uploads\/2021\/02\/01003ledovec.jpg\" alt=\"\" class=\"wp-image-274\" width=\"210\" height=\"334\" srcset=\"https:\/\/www.novyzeland.info\/wp-content\/uploads\/2021\/02\/01003ledovec.jpg 377w, https:\/\/www.novyzeland.info\/wp-content\/uploads\/2021\/02\/01003ledovec-189x300.jpg 189w\" sizes=\"(max-width: 210px) 100vw, 210px\" \/><\/figure>\n<\/div>\n<\/div>\n<\/div>\n<\/div>\n\n\n\n<p>Cesta k ledovci se rychle m\u011bn\u00ed. P\u0159i m\u00e9 prvn\u00ed n\u00e1v\u0161t\u011bv\u011b se \u0161lo p\u0159es visut\u00fd most. P\u0159i druh\u00e9 n\u00e1v\u0161t\u011bv\u011b o 15 let pozd\u011bji jsem ho hledal marn\u011b. Teprve domorodec mi vysv\u011btlil, \u017ee mezit\u00edm ledovec postoupil o n\u011bkolik stovek metr\u016f n\u00ed\u017ee do \u00fadol\u00ed a po mostu nen\u00ed dnes ani pam\u00e1tka.<\/p>\n\n\n\n<p>Rychlost pohybu ledovce je r\u016fzn\u00e1, v nejstrm\u011bj\u0161\u00edch m\u00edstech je to a\u017e o 5 metr\u016f za den, u termin\u00e1lu je to v pr\u016fm\u011bru 1,5 m za den. Tato rychlost byla vypo\u010dtena podle letadla, kter\u00e9 se z\u0159\u00edtilo na ledovec 3 kilometry od termin\u00e1lu v listopadu 1943. Jeho \u010d\u00e1sti se objevily na konci ledovce v \u00fanoru 1950, tedy 6 rok\u016f a 1 m\u011bs\u00edc po nehod\u011b.<\/p>\n\n\n\n<p>K termin\u00e1lu ledovce, kter\u00fd vypad\u00e1 jako ledov\u00e1 sk\u00e1la, kter\u00e1 se pomalu rozpad\u00e1, se nelze z bezpe\u010dnostn\u00edch d\u016fvod\u016f \u00fapln\u011b p\u0159ibl\u00ed\u017eit. Vystoupit na ledovec je mo\u017en\u00e9 pouze z boku, ale je nutno m\u00edt pot\u0159ebnou v\u00fdstroj a v\u00fdzbroj.<\/p>\n\n\n\n<p>Jen p\u00e1r kilometr\u016f ji\u017en\u011bji je druh\u00fd dob\u0159e p\u0159\u00edstupn\u00fd&nbsp;<strong>Fox\u016fv ledovec<\/strong>. K jeho prohl\u00eddce jsem se rozhodl s horsk\u00fdm v\u016fdcem jako organizovan\u00fd v\u00fdstup. Cena zahrnovala zap\u016fj\u010den\u00ed okovan\u00fdch bot a hole s bodcem. Prvn\u00edch 7 kilometr\u016f z m\u011bste\u010dka Fox Glacier se jelo autobusem skrz de\u0161tn\u00fd les a bu\u0161. Tabulky kolem silnice ukazovaly, kam ledovec kdysi dosahoval. Jedna hromada kamen\u00ed, kterou jsme m\u00edjeli, byla ve skute\u010dnosti mrtv\u00fdm ledovcem, jak n\u00e1m vysv\u011btlil horsk\u00fd v\u016fdce. Led byl kompletn\u011b pokryt\u00fd kameny. Na parkovi\u0161ti n\u00e1s p\u0159iv\u00edtali hor\u0161t\u00ed papou\u0161kov\u00e9 nestor kea. Ochotn\u011b p\u00f3zovali na kamenech na pozad\u00ed \u00fadol\u00ed s vykukuj\u00edc\u00edm ledovcem. D\u00e1le jsme ji\u017e pokra\u010dovali p\u011b\u0161ky po kamenit\u00e9 cest\u011b, a\u017e se p\u0159ed n\u00e1mi objevila popraskan\u00e1 ledov\u00e1 st\u011bna s vyt\u00e9kaj\u00edc\u00ed \u0159ekou. Setk\u00e1n\u00ed s ledovcem bylo zklam\u00e1n\u00edm v tom smyslu, \u017ee byl hrozn\u011b \u0161pinav\u00fd od kamenn\u00e9 sut\u011b. Tabulka upozor\u0148ovala, \u017ee d\u00e1le se m\u016f\u017ee jen s horsk\u00fdm v\u016fdcem. Na vlastn\u00ed ledovec jsme vystoupili z boku, kde byly ji\u017e vysek\u00e1ny stupy. Ledovec byl rozbr\u00e1zd\u011bn puklinami, tak\u017ee se \u0161plhalo nahoru i dol\u016f. Cesta to byla n\u00e1ro\u010dn\u00e1, ale zvl\u00e1dnuteln\u00e1 pro pr\u016fm\u011brn\u00e9ho turistu. Do\u0161li jsme a\u017e k plo\u0161in\u011b, kde b\u011b\u017en\u011b p\u0159ist\u00e1vaj\u00ed vrtuln\u00edky vyhl\u00eddkov\u00fdch let\u016f. Stejnou cestou jsme se vr\u00e1tili zp\u011bt. P\u0159i odevzd\u00e1n\u00ed bot ka\u017ed\u00fd dostal humorn\u00fd certifik\u00e1t o v\u00fdstupu na Fox\u016fv ledovec.<\/p>\n\n\n\n<p>Kde se v Ji\u017en\u00edch Alp\u00e1ch ledovce vzaly? Z\u00e1padn\u00ed v\u011btry od Tasmanova mo\u0159e se p\u0159i n\u00e1razu na horsk\u00fd h\u0159eben ochlad\u00ed a uvoln\u00ed p\u0159\u00edvaly de\u0161t\u011b v ni\u017e\u0161\u00edch poloh\u00e1ch a sn\u011bhu ve vy\u0161\u0161\u00edch. Sn\u00edh pad\u00e1 v hor\u00e1ch po cel\u00fd rok. Tlak sn\u011bhov\u00e9 pokr\u00fdvky postupn\u011b vytla\u010duje vzduch ze spodn\u00edch vrstev a vznik\u00e1 firn. Kdy\u017e je vytla\u010dena v\u011bt\u0161ina vzduchu, vznik\u00e1 od hloubky asi 50 metr\u016f modr\u00fd led. Dosahuje tlou\u0161\u0165ky a\u017e 300 metr\u016f. Vytvo\u0159en\u00edm ledu je\u0161t\u011b nevznik\u00e1 ledovec. Tento term\u00edn ozna\u010duje pohybuj\u00edc\u00ed se masu ledu ne nepodobnou \u0159ece. Teprve kdy\u017e v\u00e1ha sn\u011bhu a firnu je tak velik\u00e1, \u017ee spodn\u00ed vrstvy ledu jsou donuceny pohybovat se sm\u011brem do \u00fadol\u00ed, m\u016f\u017eeme mluvit o ledovci. Obrovsk\u00e9 masy ledu se vlastn\u00ed vahou sesouvaj\u00ed, tlak je nesm\u00edrn\u00fd zejm\u00e9na v m\u00edstech, kde spodn\u00ed led nar\u00e1\u017e\u00ed na skalnat\u00e9 v\u00fdb\u011b\u017eky. Doch\u00e1z\u00ed p\u0159itom k prask\u00e1n\u00ed ledu a vzniku a\u017e 100 metrov\u00fdch puklin.<\/p>\n\n\n\n<p>Chladn\u00fd ledovec se zd\u00e1 b\u00fdt nep\u0159\u00e1telsk\u00fd \u017eivotu, ale i zde v kalu\u017e\u00edch vody na povrchu \u017eij\u00ed ve st\u00e1diu larvy mal\u00e9 mu\u0161ky, tzv. glaci\u00e1ln\u00ed \u010dervi. V l\u00e9t\u011b je zase povrch ledovce zbarven do \u010dervena od mili\u00f3n\u016f \u0159as. Kdy\u017e rychlost t\u00e1n\u00ed nap\u0159\u00edklad p\u0159i de\u0161ti p\u0159evy\u0161uje rychlost p\u0159ib\u00fdv\u00e1n\u00ed ledu v horn\u00ed \u010d\u00e1sti, termin\u00e1l ledovce ustupuje. Kdy\u017e naopak ledu naho\u0159e p\u0159ib\u00fdv\u00e1 rychleji, ne\u017e dole sta\u010d\u00ed odt\u00e1t, tak ledovec postupuje vp\u0159ed. K tomu m\u016f\u017ee doj\u00edt p\u0159i siln\u00e9m sn\u011b\u017een\u00ed nebo podpr\u016fm\u011brn\u00e9m chladu.<\/p>\n\n\n\n<p>Ledovec je velmi citliv\u00fd na zm\u011bnu klimatu. V dob\u011b ledov\u00e9 dosahoval a\u017e k mo\u0159i. Dnes je p\u0159ibli\u017en\u011b 20 kilometr\u016f od pob\u0159e\u017e\u00ed. Jeho \u00fastup je poznamen\u00e1n ost\u0159e vykrojen\u00fdm \u00fadol\u00edm, mohutn\u00fdmi balvany, mor\u00e9nami a jezery. Termin\u00e1l ledovce byl poprv\u00e9 prozkoum\u00e1n v r. 1893 badatelem J.Haastem. Od t\u00e9 doby se pohyboval vp\u0159ed i vzad o stovky metr\u016f a\u017e kilometr. Od doby ledov\u00e9 se v\u0161ak podstatn\u011b zkr\u00e1til a smrskl.<\/p>\n\n\n\n<p>Za jasn\u00e9ho po\u010das\u00ed (to je v t\u011bchto kon\u010din\u00e1ch vz\u00e1cn\u00e9) se vyplat\u00ed cesta k ledovcov\u00e9mu jezeru Matheson. Jeho p\u016fvab spo\u010d\u00edv\u00e1 v tom, \u017ee se v jeho klidn\u00e9 hladin\u011b p\u0159i tro\u0161e \u0161t\u011bst\u00ed na po\u010das\u00ed zrcadl\u00ed nejvy\u0161\u0161\u00ed vrcholky Ji\u017en\u00edch Alp \u2013 Mt. Cook 3.764 metr\u016f a Mt. Tasman 3.498 metr\u016f.<\/p>\n","protected":false},"excerpt":{"rendered":"<p>Z osady\u00a0Franz Josef\u00a0na z\u00e1padn\u00edm pob\u0159e\u017e\u00ed Ji\u017en\u00edho ostrova se ke stejnojmenn\u00e9mu ledovci jde nebo jede nejd\u0159\u00edve asi 4 kilometry po silnici de\u0161tn\u00fdm lesem. Po cest\u011b je p\u011bkn\u00e1 vyhl\u00eddka z nevelik\u00e9ho kope\u010dku, kter\u00fd odolal ledovci, kter\u00fd se tudy valil je\u0161t\u011b kdysi na p\u0159elomu 19. a 20. stolet\u00ed. Od parkovi\u0161t\u011b cesta pokra\u010duje \u0159e\u010di\u0161t\u011bm \u0159eky Waiho d\u00e1le ledovcov\u00fdm \u00fadol\u00edm. &hellip; <\/p>\n<p class=\"link-more\"><a href=\"https:\/\/www.novyzeland.info\/index.php\/cesta-na-ledovec\/\" class=\"more-link\">Pokra\u010dovat ve \u010dten\u00ed<span class=\"screen-reader-text\"> &#8220;Cesta na ledovec&#8221;<\/span><\/a><\/p>\n","protected":false},"author":1,"featured_media":0,"parent":0,"menu_order":0,"comment_status":"closed","ping_status":"closed","template":"","meta":{"footnotes":""},"_links":{"self":[{"href":"https:\/\/www.novyzeland.info\/index.php\/wp-json\/wp\/v2\/pages\/273"}],"collection":[{"href":"https:\/\/www.novyzeland.info\/index.php\/wp-json\/wp\/v2\/pages"}],"about":[{"href":"https:\/\/www.novyzeland.info\/index.php\/wp-json\/wp\/v2\/types\/page"}],"author":[{"embeddable":true,"href":"https:\/\/www.novyzeland.info\/index.php\/wp-json\/wp\/v2\/users\/1"}],"replies":[{"embeddable":true,"href":"https:\/\/www.novyzeland.info\/index.php\/wp-json\/wp\/v2\/comments?post=273"}],"version-history":[{"count":1,"href":"https:\/\/www.novyzeland.info\/index.php\/wp-json\/wp\/v2\/pages\/273\/revisions"}],"predecessor-version":[{"id":276,"href":"https:\/\/www.novyzeland.info\/index.php\/wp-json\/wp\/v2\/pages\/273\/revisions\/276"}],"wp:attachment":[{"href":"https:\/\/www.novyzeland.info\/index.php\/wp-json\/wp\/v2\/media?parent=273"}],"curies":[{"name":"wp","href":"https:\/\/api.w.org\/{rel}","templated":true}]}}