{"id":74,"date":"2021-02-15T20:09:44","date_gmt":"2021-02-15T20:09:44","guid":{"rendered":"http:\/\/www.novyzeland.info\/?page_id=74"},"modified":"2021-02-21T13:51:51","modified_gmt":"2021-02-21T13:51:51","slug":"narodni-park-mt-egmont","status":"publish","type":"page","link":"https:\/\/www.novyzeland.info\/index.php\/narodni-park-mt-egmont\/","title":{"rendered":"N\u00e1rodn\u00ed park Mt. Egmont"},"content":{"rendered":"\n<div class=\"wp-block-image\"><figure class=\"alignright size-large is-resized\"><img loading=\"lazy\" decoding=\"async\" src=\"https:\/\/www.novyzeland.info\/wp-content\/uploads\/2021\/02\/mount-egmont-5445141_1920-1024x681.jpg\" alt=\"\" class=\"wp-image-263\" width=\"396\" height=\"263\" srcset=\"https:\/\/www.novyzeland.info\/wp-content\/uploads\/2021\/02\/mount-egmont-5445141_1920-1024x681.jpg 1024w, https:\/\/www.novyzeland.info\/wp-content\/uploads\/2021\/02\/mount-egmont-5445141_1920-300x199.jpg 300w, https:\/\/www.novyzeland.info\/wp-content\/uploads\/2021\/02\/mount-egmont-5445141_1920-768x510.jpg 768w, https:\/\/www.novyzeland.info\/wp-content\/uploads\/2021\/02\/mount-egmont-5445141_1920-1536x1021.jpg 1536w, https:\/\/www.novyzeland.info\/wp-content\/uploads\/2021\/02\/mount-egmont-5445141_1920.jpg 1920w\" sizes=\"(max-width: 396px) 100vw, 396px\" \/><figcaption>Image by <a href=\"https:\/\/pixabay.com\/users\/tfrdic-17630247\/?utm_source=link-attribution&amp;utm_medium=referral&amp;utm_campaign=image&amp;utm_content=5445141\">Fred T.<\/a> from <a href=\"https:\/\/pixabay.com\/?utm_source=link-attribution&amp;utm_medium=referral&amp;utm_campaign=image&amp;utm_content=5445141\">Pixabay<\/a><\/figcaption><\/figure><\/div>\n\n\n\n<p>Majest\u00e1tn\u00ed ku\u017eel Mount Egmontu zvan\u00e9ho t\u00e9\u017e Taranaki za jasn\u00e9ho po\u010das\u00ed uvid\u00edte z\u00a0velk\u00e9 d\u00e1lky. Jeho vrchol je po cel\u00fd rok pokryt sn\u011bhem. Je t\u00e9m\u011b\u0159 symetrick\u00fd jako japonsk\u00e1 Fud\u017eijama. Se sv\u00fdmi 2518 metry nen\u00ed zdaleka nejvy\u0161\u0161\u00ed horou Nov\u00e9ho Z\u00e9landu, ale rozhodn\u011b pat\u0159\u00ed k\u00a0nejkr\u00e1sn\u011bj\u0161\u00edm. Nap\u0159\u00edklad botanik v\u00fdpravy kapit\u00e1na Cooka pan Banks se o n\u00ed vyj\u00e1d\u0159il jako o nejvzne\u0161en\u011bj\u0161\u00ed ho\u0159e, jakou kdy vid\u011bl.<\/p>\n\n\n\n<p>Stoj\u00ed osamocen\u011b jako str\u00e1\u017en\u00fd v&nbsp;pasteveck\u00e9 oblasti Taranaki. Jej\u00ed svahy se prudce zdv\u00edhaj\u00ed z&nbsp;okoln\u00ed roviny, na kterou tato sopka m\u011bla podstatn\u00ed vliv. Ovliv\u0148uje m\u00edstn\u00ed klima, jej\u00ed \u010detn\u00e9 potoky poskytuj\u00ed \u010derstvou vodu pro okoln\u00ed farmy, sope\u010dn\u00fd popel se pod\u00edlel na utv\u00e1\u0159en\u00ed \u00farodn\u00e9 zeminy.<\/p>\n\n\n\n<p>Taranaki se vyvinul jako ostrov. Izolovanost, nadmo\u0159sk\u00e1 v\u00fd\u0161ka a specifick\u00e9 klima vytvo\u0159ily unik\u00e1tn\u00ed sv\u011bt. Vrchol m\u00e1 podneb\u00ed srovnateln\u00e9 se Scottovou z\u00e1kladnou na Antarktid\u011b a na \u00fapat\u00ed je st\u00e1lezelen\u00fd de\u0161tn\u00fd les.<\/p>\n\n\n\n<p>Hodnota t\u00e9to hory byla brzy rozpozn\u00e1na a ji\u017e od roku 1881 jej\u00ed svahy v&nbsp;okruhu 9 kilometr\u016f od vrcholu byly chr\u00e1n\u011bna a pozd\u011bdji zde na 33&nbsp;530 hektarech vznikl n\u00e1rodn\u00ed park.<\/p>\n\n\n\n<p>Pro Maory byl vrchol posv\u00e1tn\u00fdm tabu. V&nbsp;jeskyn\u00edch a puklin\u00e1ch poh\u0159b\u00edvali zde sv\u00e9 mrtv\u00e9 n\u00e1\u010deln\u00edky. Hust\u00fd les na \u00fabo\u010d\u00ed jim poskytoval \u00fakryt v&nbsp;dob\u011b nebezpe\u010d\u00ed&nbsp;.<\/p>\n\n\n\n<p>\u010clov\u011bk se obvykle domn\u00edv\u00e1, \u017ee krajina kolem n\u011bho se nem\u011bn\u00ed, leda lidsk\u00fdmi z\u00e1sahy. Jeho vid\u011bn\u00ed je v\u0161ak omezeno jeho kr\u00e1tkou histori\u00ed. Neust\u00e1l\u00e1 zm\u011bna v&nbsp;p\u0159\u00edrod\u011b mu \u010dasto unik\u00e1, proto\u017ee jej\u00ed tempo je p\u0159\u00edli\u0161 pomal\u00e9. \u010cas v&nbsp;\u017eivot\u011b hory prob\u00edh\u00e1 po jin\u00e9 stupnici ne\u017e kr\u00e1tk\u00fd lidsk\u00fd v\u011bk. P\u0159itom v\u0161ak potok m\u016f\u017ee vyschnout a i cel\u00e1 hora zmizet. Sope\u010dn\u00e1 historie NP Egmont je p\u0159\u00edmo ide\u00e1ln\u00ed ilustrac\u00ed p\u0159\u00edrodn\u00edch sil utv\u00e1\u0159ej\u00edc\u00edch a p\u0159etv\u00e1\u0159ej\u00edc\u00edch n\u00e1\u0161 sv\u011bt. M\u011b\u0159eno tis\u00edci let tv\u00e1\u0159 t\u00e9to oblasti se m\u011bnila sope\u010dn\u00fdmi vzedmut\u00edmi a neust\u00e1lou eroz\u00ed. Mal\u00e1 sope\u010dn\u00e1 skaliska homolovit\u00e9ho tvaru na nedalek\u00e9m pob\u0159e\u017e\u00ed jsou v\u00fdsledkem sope\u010dn\u00e9 \u010dinnosti p\u0159ed 1,75 mili\u00f3ny let. Od t\u00e9 doby erupce postupovaly d\u00e1le jihov\u00fdchodn\u00edm sm\u011brem pod\u00e9l pukliny v&nbsp;zemsk\u00e9 k\u016f\u0159e. Ze sopek \u010dinn\u00fdch p\u0159ed 500&nbsp;000 lety dnes zb\u00fdvaj\u00ed jen obrou\u0161en\u00e9 pahorky. Led, sn\u00edh, d\u00e9\u0161\u0165 a v\u00edtr se zaslou\u017eily o jejich rozlo\u017een\u00ed a t\u00e9m\u011b\u0159 z\u00e1nik. Vlastn\u00ed Taranaki vznikl as p\u0159ed 50&nbsp;000 a\u017e 80&nbsp;000 lety. Mohutn\u00fd v\u00fdbuch zp\u016fsobil zhroucen\u00ed homole a v\u00fdrony l\u00e1vy a bahna zatopily okol\u00ed. Sope\u010dn\u00e1 \u010dinnost v&nbsp;j\u00edcnu pokra\u010dovala. Nap\u0159\u00edklad u Dawsonov\u00fdch vodop\u00e1d\u016f se nach\u00e1z\u00ed zbytky l\u00e1vy&nbsp; doby p\u0159ed 20&nbsp;000 lety. Sou\u010dasn\u00e1 vrchol byl utvo\u0159en p\u0159ed pouh\u00fdmi 3&nbsp;000 lety. Posledn\u00ed velk\u00e1 erupce byla n\u011bkdy v&nbsp;15. stolet\u00ed. Zuhelnat\u011bl\u00e9 kl\u00e1dy potvrzuj\u00ed, \u017ee roz\u017ehaven\u00e1 l\u00e1va a plyny zni\u010dily v\u011bt\u0161inu okoln\u00ed bu\u0161e.&nbsp;Sr\u00e1\u017eky jsou zde nadpr\u016fm\u011brn\u011b vysok\u00e9. Se 7&nbsp;000 mm za rok je to jedno z&nbsp;nejvlh\u010d\u00edch m\u00edst v&nbsp;zemi. S&nbsp;nadmo\u0159skou v\u00fd\u0161kou s\u00edl\u00ed v\u00edtr, rychlost kolem 100 km\/h zde nen\u00ed ni\u010d\u00edm neobvykl\u00fdm. Nejdrsn\u011bj\u0161\u00ed klima je na vrcholu, kde pr\u016fm\u011brn\u00e1 teplota je 2\u00b0C. P\u0159e\u017e\u00edv\u00e1 tu jen p\u00e1r li\u0161ejn\u00edk\u016f. V&nbsp;ni\u017e\u0161\u00edch poloh\u00e1ch je d\u00edky vydatn\u00fdm sr\u00e1\u017ek\u00e1m vegetace bohat\u00e1. Rostlinstvo pokr\u00fdv\u00e1 cel\u00e9 \u00fapat\u00ed a \u010d\u00e1st \u00fabo\u010d\u00ed. Je \u017eiv\u00fdm d\u016fkazem schopnosti rostlin kolonizovat \u010derstv\u011b zformovan\u00fd sope\u010dn\u00fd povrch. Tento proces prob\u00edh\u00e1 dodnes. St\u00e1le tu je\u0161t\u011b chyb\u00ed asi 100 rostlinn\u00fdch druh\u016f, kter\u00e9 jsou jinak ve stejn\u00e9 nadmo\u0159sk\u00e9 v\u00fd\u0161ce jinde na Severn\u00edm ostrov\u011b b\u011b\u017en\u00e9. Na druh\u00e9 stran\u011b je zde n\u011bkolik endemick\u00fdch druh\u016f.&nbsp;Od 1&nbsp;600 m se objevuj\u00ed alp\u00ednky, mechy a tr\u00e1vy. Mezi \u0161edavou kamennou drt\u00ed sv\u00edt\u00ed sv\u00fdmi b\u00edl\u00fdmi kv\u011bty horsk\u00e9 sedmikr\u00e1sky a horsk\u00e9 blatouchy. N\u00ed\u017ee se objevuj\u00ed r\u016fzn\u00e9 ke\u0159e.<\/p>\n\n\n\n<p>Nejkr\u00e1sn\u011bj\u0161\u00ed je v\u0161ak de\u0161tn\u00fd les kolem cel\u00e9ho \u00fapat\u00ed. Je tvo\u0159en stromy a ke\u0159i pro Evropana p\u0159ev\u00e1\u017en\u011b nezn\u00e1m\u00fdmi. Z&nbsp;listn\u00e1\u010d\u016f je to opadav\u00e1 fuksie, loubinec p\u011btilist\u00fd, kamahi, mahoe, koromiko. Jehli\u010dnany jsou zastoupeny horsk\u00fdm cedrem, Hallovou totarou, rimu, ratou. Nechyb\u00ed ani palmy a kapradinov\u00e9 stromy. Nejdete tu v\u0161echny odst\u00edny zelen\u00e9 barvy. Vede zde \u0159ada nau\u010dn\u00fdch stezek. I kr\u00e1tk\u00e1 proch\u00e1zka stoj\u00ed zato. Pokroucen\u00e9 d\u0159eviny, \u017eiv\u00e9 i ji\u017e padl\u00e9, jsou siln\u011b obrostl\u00e9 mechy, li\u0161ejn\u00edky a kapradinami. V\u00fdsledn\u00e1 atmosf\u00e9ra p\u016fsob\u00ed poh\u00e1dkov\u011b a\u017e stra\u0161ideln\u011b.&nbsp;P\u0159i proch\u00e1zce lesem je sly\u0161et pta\u010d\u00ed zp\u011bv, ale objevit zp\u011bv\u00e1ky nen\u00ed lehk\u00e9, proto\u017ee jsou v\u011bt\u0161inou mal\u00ed a barevn\u011b spl\u00fdvaj\u00ed s&nbsp;okol\u00edm. Nejsn\u00e1ze lze zahl\u00e9dnout kr\u00e1sn\u011b vybarven\u00e9ho novoz\u00e9landsk\u00e9ho holuba, proto\u017ee je velk\u00fd a jeho let je velmi hlu\u010dn\u00fd. P\u0159i tro\u0161e \u0161t\u011bst\u00ed lze vid\u011bt i v\u00fdborn\u00e9ho zp\u011bv\u00e1ka tui, kter\u00e9ho lze poznat podle v\u00fdrazn\u00e9ho chom\u00e1\u010dku b\u00edl\u00e9ho pe\u0159\u00ed pod krkem.<\/p>\n\n\n\n<p>NP Egmont je dob\u0159e p\u0159\u00edstupn\u00fd. Vedou sem t\u0159i asfaltov\u00e9 silnice z&nbsp;r\u016fzn\u00fdch sm\u011br\u016f kon\u010d\u00edc\u00ed ve v\u00fd\u0161ce kolem 900 metr\u016f. Na jejich konci jsou parkovi\u0161t\u011b a chaty s&nbsp;mo\u017enost\u00ed ubytov\u00e1n\u00ed \u2013 North Egmont Challet, Stratford Mountain House a Dawson Falls Turist Lodge. Jsou zde velmi dobr\u00e1 informa\u010dn\u00ed st\u0159ediska s&nbsp;mapami, fotografiemi a popisy. V&nbsp;parku je 320 kilometr\u016f turistick\u00fdch stezek.<\/p>\n\n\n\n<p>Na vrchol nevede zna\u010den\u00e1 cesta. Vystoupit lze r\u016fzn\u011b obt\u00ed\u017en\u00fdmi cestami z&nbsp;r\u016fzn\u00fdch stran. Pro zku\u0161en\u00e9ho turistu to nen\u00ed probl\u00e9m. Jedin\u00fdm h\u00e1\u010dkem je po\u010das\u00ed. Po v\u011bt\u0161inu \u010dasu je hora zahalena do mrak\u016f a \u0161leh\u00e1na siln\u00fdmi v\u011btry od mo\u0159e a v\u00fdstupe se velmi nebezpe\u010dn\u00fd a\u017e nemo\u017en\u00fd. Nejmen\u0161\u00ed obla\u010dnost je po r\u00e1nu a nejjednodu\u0161\u0161\u00ed cesta je z&nbsp;parkovi\u0161t\u011b od Dawson Falls Turist Lodge. Odtud jsem vyr\u00e1\u017eel s&nbsp;p\u0159\u00e1teli p\u0159i rozb\u0159esku v&nbsp;5 hodin r\u00e1no. Nejd\u0159\u00edve se jde po pohodln\u00e9 cest\u011b kolem ly\u017ea\u0159sk\u00fdch vlek\u016f. Sm\u011brem k&nbsp;vrcholu je v\u0161ak cesta st\u00e1le strm\u011bj\u0161\u00ed a u vrcholu jsme lezli v\u00edce po \u010dty\u0159ech ne\u017e \u0161li po dvou. M\u011bli jsme \u0161t\u011bst\u00ed na po\u010das\u00ed, bylo jasno a v\u00edtr snesiteln\u00fd. Stoupali jsme kolem fale\u0161n\u00e9ho vrcholu zvan\u00e9ho \u017dralo\u010d\u00ed zub. V\u00fdhled byl sice \u010d\u00e1ste\u010dn\u011b zakryt mraky, ale stejn\u011b byl fantastick\u00fd. V&nbsp;d\u00e1lce vy\u010dn\u00edvaly z&nbsp;mrak\u016f nejvy\u0161\u0161\u00ed vrcholy Severn\u00edho ostrova Mt. Ruapehu a Mt. Ngaurohoe. Po cest\u011b byly sn\u011bhov\u00e9 jazyky, ale nejv\u00edce sn\u011bhu bylo ve vrcholov\u00e9m kr\u00e1teru. V\u00edce to byl led ne\u017e sn\u00edh. Pr\u016fvodce ud\u00e1v\u00e1 dobu v\u00fdstupu 4 hodiny. My jsme to zvl\u00e1dli o 10 minut rychleji.<\/p>\n","protected":false},"excerpt":{"rendered":"<p>Majest\u00e1tn\u00ed ku\u017eel Mount Egmontu zvan\u00e9ho t\u00e9\u017e Taranaki za jasn\u00e9ho po\u010das\u00ed uvid\u00edte z\u00a0velk\u00e9 d\u00e1lky. Jeho vrchol je po cel\u00fd rok pokryt sn\u011bhem. Je t\u00e9m\u011b\u0159 symetrick\u00fd jako japonsk\u00e1 Fud\u017eijama. Se sv\u00fdmi 2518 metry nen\u00ed zdaleka nejvy\u0161\u0161\u00ed horou Nov\u00e9ho Z\u00e9landu, ale rozhodn\u011b pat\u0159\u00ed k\u00a0nejkr\u00e1sn\u011bj\u0161\u00edm. Nap\u0159\u00edklad botanik v\u00fdpravy kapit\u00e1na Cooka pan Banks se o n\u00ed vyj\u00e1d\u0159il jako o nejvzne\u0161en\u011bj\u0161\u00ed &hellip; <\/p>\n<p class=\"link-more\"><a href=\"https:\/\/www.novyzeland.info\/index.php\/narodni-park-mt-egmont\/\" class=\"more-link\">Pokra\u010dovat ve \u010dten\u00ed<span class=\"screen-reader-text\"> &#8220;N\u00e1rodn\u00ed park Mt. Egmont&#8221;<\/span><\/a><\/p>\n","protected":false},"author":1,"featured_media":0,"parent":0,"menu_order":0,"comment_status":"closed","ping_status":"closed","template":"","meta":{"footnotes":""},"_links":{"self":[{"href":"https:\/\/www.novyzeland.info\/index.php\/wp-json\/wp\/v2\/pages\/74"}],"collection":[{"href":"https:\/\/www.novyzeland.info\/index.php\/wp-json\/wp\/v2\/pages"}],"about":[{"href":"https:\/\/www.novyzeland.info\/index.php\/wp-json\/wp\/v2\/types\/page"}],"author":[{"embeddable":true,"href":"https:\/\/www.novyzeland.info\/index.php\/wp-json\/wp\/v2\/users\/1"}],"replies":[{"embeddable":true,"href":"https:\/\/www.novyzeland.info\/index.php\/wp-json\/wp\/v2\/comments?post=74"}],"version-history":[{"count":3,"href":"https:\/\/www.novyzeland.info\/index.php\/wp-json\/wp\/v2\/pages\/74\/revisions"}],"predecessor-version":[{"id":264,"href":"https:\/\/www.novyzeland.info\/index.php\/wp-json\/wp\/v2\/pages\/74\/revisions\/264"}],"wp:attachment":[{"href":"https:\/\/www.novyzeland.info\/index.php\/wp-json\/wp\/v2\/media?parent=74"}],"curies":[{"name":"wp","href":"https:\/\/api.w.org\/{rel}","templated":true}]}}